the highest common divisor of d and c.
2
Let n(p) = -p**3 + 37*p**2 + 3*p + 18. Let u be n(37). Suppose -5*a - 23*b = -21*b - u, -5*b = -a + 42. What is the greatest common factor of a and 54?
27
Suppose 3*j - j - 3888 = 2*c, 0 = -j - 4*c + 1959. Calculate the highest common factor of j and 33.
33
Suppose 100*m - 75*m = 750. Suppose -4*a - 4*j + 436 = -0*j, -3*a - 2*j + 323 = 0. What is the highest common divisor of a and m?
15
Let z be 8605/(-15) + 2/(-6). Let y = 790 + z. Calculate the greatest common factor of 135 and y.
27
Suppose -4*s + 3*s - 3*h = -58, s + h = 48. Suppose s*n + 2440 = 53*n. What is the greatest common divisor of 4 and n?
4
Suppose -7560 = -20*t + 5*t. Let x = t + -499. What is the greatest common divisor of x and 320?
5
Let v(w) = 12*w**2 - 3*w + 4. Let f be v(1). Let o = 430 - 261. What is the highest common factor of f and o?
13
Let g(t) = -t - 1. Let f(u) = -21*u - 54. Let h(w) = f(w) - 3*g(w). Let i be h(-12). What is the greatest common divisor of i and 15?
15
Suppose 0 = 3*o - 33*c + 32*c - 165, 0 = 4*o - c - 219. What is the highest common divisor of o and 54?
54
Let r be 171 + (4/14)/((-5)/(-630)*-6). What is the greatest common divisor of 1045 and r?
55
Let o = 481 - 476. Suppose -2*q + 835 = -5*j, q - 133 = -o*j + 277. Calculate the greatest common divisor of 5 and q.
5
Let j(h) = -8*h**2 + 386*h - 18. Let n be j(48). What is the highest common factor of n and 2054?
26
Let l(h) = -h - 7. Let r be l(-10). Suppose -5*w + 0*p - 2*p + 282 = 0, 3*p - 162 = -r*w. Calculate the highest common factor of 522 and w.
58
Suppose 710*r - 679 - 19110 = 91. What is the highest common factor of 20790 and r?
14
Let w be (-30)/(6/(-9) - 0). Suppose 0 = -0*x - 7*x. Suppose 2*t - 10 = x, 2*y = t + t. What is the greatest common factor of y and w?
5
Let c = -414 - -411. Let l(j) = -j**3 + 4*j**2 + j + 2. Let b be l(c). Let h be -1 + 2 + 94 + -2. Calculate the greatest common factor of h and b.
31
Suppose -4*j - 5 = k + 11, -3*k + 37 = -5*j. Let w = k - -53. Calculate the greatest common divisor of 57 and w.
57
Let i(m) = 116*m - 4970. Let z be i(51). Calculate the greatest common factor of z and 44.
22
Let h = -6428 + 6499. What is the greatest common divisor of h and 2059?
71
Let q(l) = -77*l + 22. Let m be q(-10). Suppose -4*b + 0*b = -m. Let h = 36 - 14. What is the highest common factor of b and h?
22
Let k = 814 + -811. Calculate the highest common divisor of 29 and k.
1
Suppose -4*v - 83 = -i, 2*v - 1 = -5. Suppose -1305 = -17*b + 5070. Calculate the greatest common divisor of i and b.
75
Suppose -150912 = -10*m - 44*m + 18*m. Calculate the highest common divisor of 64 and m.
32
Suppose -2*r - 4082 = -2*t, 2*t - 3*r = 2714 + 1372. Calculate the greatest common divisor of 63 and t.
21
Let q(h) = 2*h**2 - 6*h + 56. Let w be q(9). Suppose -15*r = -w - 16. What is the highest common factor of r and 3?
3
Let b be 1 - -1*1*9. Let z(h) = 5*h**2 - 25884*h - 258910. Let j be z(-10). What is the greatest common factor of b and j?
10
Let k(y) = y**3 - 39*y**2 + 8*y + 95. Let b(i) = -7*i + 18. Let c be b(-3). Let p be k(c). Calculate the highest common divisor of 11 and p.
11
Let o = -2136 + 2318. What is the highest common factor of o and 210?
14
Suppose -60*m = -63*m + 3843. Suppose 0 = 11*y - 8*y - m. Calculate the greatest common divisor of y and 61.
61
Suppose 83*r - 45711 - 28506 = 44*r. Calculate the greatest common factor of 11 and r.
11
Suppose 2*r - 3*d - 62 = 0, 3*d - 8*d = -5*r + 145. Let n be 6/(-51) - 13237/(-527). Calculate the greatest common divisor of r and n.
25
Let v = -51 + 110. Let w = v + -56. What is the highest common factor of w and 9?
3
Suppose -53852 = -258*w + 32578. Calculate the highest common factor of 5 and w.
5
Suppose 734 = f - 5*v + 700, 4*f - 104 = 4*v. What is the highest common divisor of 1072 and f?
8
Let o(x) be the second derivative of -7/3*x**3 + 2 + 9*x**2 + 1/3*x**4 + 2*x. Let t be o(9). Calculate the greatest common factor of t and 24.
24
Let o(h) = 4*h**2 + 18*h + 14. Let g(d) = d - 23. Let l be g(18). Let u be o(l). What is the greatest common factor of 248 and u?
8
Let v(q) = -61*q - 89. Let u be v(-5). What is the highest common divisor of 600 and u?
24
Let v(d) be the second derivative of -d**5/20 - 17*d**4/12 - 11*d**3/2 - 16*d**2 + 13*d - 4. Let k be v(-15). What is the highest common factor of k and 247?
13
Let q be (-20)/(-6)*9/2. Suppose -16 = 90*v - 82*v. Let h be (3/v)/(3/(-270)). What is the greatest common divisor of q and h?
15
Let i = 113 - 69. Suppose 3*r + i = -2*z + 136, -4*r = 5*z - 132. Calculate the highest common divisor of r and 21.
7
Let v(n) = -3*n**2 + 6*n - 39. Let d(l) = -5*l**2 + 8*l - 38. Let y(o) = -7*d(o) + 6*v(o). Let m be y(3). What is the highest common divisor of 75 and m?
25
Let q(d) = 21*d + 19*d - 14*d + 2 + 7*d + d. Let b be q(2). What is the highest common divisor of 14 and b?
14
Let r be (-35)/(-45) - (-4)/18. Let i be r + (0 + 27 - 0). Let u = 6 + -2. Calculate the highest common divisor of i and u.
4
Let a be (-905)/543*(-12)/10. Calculate the greatest common divisor of 683 and a.
1
Let z(g) = -g**2 - 43*g + 98. Suppose -4*t = 0, 0 = 2*x - t + 5*t + 90. Let a be z(x). What is the highest common factor of a and 22?
2
Let l(n) = 19*n - 810. Let o be l(43). What is the highest common divisor of o and 3563?
7
Let f be (-12)/(-8) + 2502/36 - 11. What is the highest common divisor of f and 1812?
12
Let v be 9/4 - 4560/(-192). Let i be (v/351*-9)/((-4)/18). Calculate the greatest common divisor of 93 and i.
3
Let u be ((-198)/(-10))/(2/(-60)*-6). Let k = u - -13. Let n = 37 + -21. Calculate the greatest common factor of n and k.
16
Let m(p) = -p**2 + 363*p - 12916. Let j be m(40). Let k = 131 + -59. What is the greatest common divisor of k and j?
4
Suppose -3*q = -4*y - 5890, 5*q - y = -1452 + 11263. What is the highest common divisor of q and 72?
18
Suppose -1746 = -3*a + 108. What is the greatest common factor of 18 and a?
6
Suppose 0 = 33*j - 463 - 1880. Suppose 2*d = -397 + 1249. What is the highest common factor of d and j?
71
Let r = 873 + 1057. Calculate the highest common factor of r and 30.
10
Let l be ((-1)/1 - -4) + -65 + 64. What is the greatest common factor of 2 and l?
2
Let u = 3607 + 21218. What is the highest common divisor of u and 45?
15
Let a = 6833 - 6455. What is the greatest common divisor of a and 98?
14
Let y(a) = -3*a**2 + 6*a + 4. Let r be y(7). Let p = -37 - r. Calculate the greatest common divisor of p and 256.
64
Let h(p) = -39*p + 4955. Let q be h(65). Calculate the highest common divisor of 20 and q.
20
Let z(g) = -2*g**2 - 107*g - 69. Let q be z(-47). Let p = q - 146. What is the greatest common divisor of 88 and p?
44
Let u be ((-3)/1)/(6/(-52)). Let a be 25/(-4)*8*39/(-30). Calculate the highest common factor of u and a.
13
Let i be 50 + -44 - (-12424)/11 - (-18)/33. Calculate the highest common divisor of i and 848.
16
Let g be (84 - 77) + 7*78. Calculate the highest common factor of g and 395.
79
Let q = 2976 - 2904. Calculate the highest common divisor of 256 and q.
8
Let s(a) = -2 + 22*a - 5*a - 13*a + a**2 - 3. Let q be s(-14). Calculate the highest common divisor of 54 and q.
27
Let o = 17886 - 17652. Let q = 25 + 1. Calculate the highest common divisor of o and q.
26
Let g = 2186 - 2181. What is the greatest common factor of 40 and g?
5
Let s(l) = 81*l**2 + 59*l - 108. Let c be s(-16). Calculate the greatest common divisor of c and 148.
148
Suppose 3*l = 2*v + 13, 0 = 2*l + 2*v - 3*v - 9. Suppose t - 6*r - 63 = -2*r, 261 = l*t - 2*r. Calculate the greatest common factor of t and 204.
51
Suppose -3*s + 25 = -2*s. Let b = -162355 + 162420. Calculate the highest common factor of s and b.
5
Suppose -10*f + f - 16*f + 2750 = 0. Calculate the greatest common divisor of f and 230.
10
Suppose 0*a + 8 = a - 4. What is the highest common divisor of 1284 and a?
12
Suppose 21*n - 25 = 16*n - 4*d, -5*d = 0. Suppose 37*f - 100 = 32*f. What is the greatest common divisor of f and n?
5
Suppose -56*f + 88 = -48*f. Let d = 469 - 216. Calculate the greatest common divisor of f and d.
11
Suppose 4*q - 2*u = 364, 3*u = -5 - 7. Let a = q - 92. Let y be -2 + (a - -7) - -36. What is the highest common factor of y and 95?
19
Let x(l)